{"id":142,"date":"2023-06-02T13:53:26","date_gmt":"2023-06-02T13:53:26","guid":{"rendered":"https:\/\/lubridal.com\/?page_id=142"},"modified":"2023-12-20T09:33:06","modified_gmt":"2023-12-20T09:33:06","slug":"politica-xarxes-socials","status":"publish","type":"page","link":"https:\/\/lubridal.com\/index.php\/politica-xarxes-socials\/","title":{"rendered":"Pol\u00edtica Xarxes Socials"},"content":{"rendered":"\n    \n    <section class=\"u-clearfix u-section-2\" id=\"sec-6b98\">\n      <div class=\"u-clearfix u-sheet u-sheet-1\">\n        <p class=\"u-text u-text-default u-text-1\">\n          <span style=\"font-weight: 700;\">Pol\u00edtica de xarxes socials&nbsp;<\/span>\n          <br>\n          <span style=\"font-weight: 700;\">\n            <br>\n            <span style=\"font-weight: 700;\"><\/span>1. INFORMACI\u00d3 A LA PERSONA USU\u00c0RIA \n          <\/span>\n          <br>Qui \u00e9s el responsable del tractament de les seves dades personals? <br>LUBRIDAL OIL, S.L. ser\u00e0 el responsable del tractament de les dades personals d\u2019aquelles PERSONES que han <br>procedit a crear un perfil en qualsevol de les seves xarxes socials. Les mateixes seran tractades de conformitat <br>amb el que es disposa en el Reglament (UE) 2016\/679, de 27 d\u2019abril (GDPR), la Llei org\u00e0nica 3\/2018, de 5 de <br>desembre (LOPDGDD), i la Llei de Serveis de la Societat de la Informaci\u00f3 i Comer\u00e7 Electr\u00f2nic (LSSI), facilitant la <br>seg\u00fcent informaci\u00f3 del tractament:<br>\n          <br>\n          <span style=\"font-weight: 700;\">Per a qu\u00e8 tractem les seves dades personals?<\/span>\n          <br>\n          <br>Finalitat del tractament: per a mantenir una relaci\u00f3 entre la PERSONA USU\u00c0RIA i LUBRIDAL OIL, S.L. (d\u2019ara <br>endavant el RESPONSABLE) que pot incloure les seg\u00fcents operacions: <br>- Tramitar sol\u00b7licituds i consultes plantejades al responsable <br>- Informar sobre activitats i esdeveniments organitzats pel responsable <br>- Informar sobre productes o serveis oferts pel responsable <br>- Interactuar a trav\u00e9s dels perfils oficials<br>\n          <br>Quan el RESPONSABLE recopili i tracti dades personals a trav\u00e9s de les seves xarxes socials, les PERSONES <br>USU\u00c0RIES seran informades sobre la finalitat de la recopilaci\u00f3 de dades, aix\u00ed com sobre els seus drets en relaci\u00f3 <br>a les seves dades personals. Les dades personals s\u2019utilitzaran \u00fanicament per als fins indicats i es mantindran de <br>manera segura.<br>\n          <br>Base Jur\u00eddica del Tractament: el consentiment expl\u00edcit atorgat per la PERSONA USU\u00c0RIA per al tractament de les <br>seves dades personals per a un o diversos fins espec\u00edfics (article 6.1.a GDPR). <br>D\u2019altra banda, la PERSONA USU\u00c0RIA pot accedir en tot moment a les pol\u00edtiques de privacitat de la pr\u00f2pia xarxa <br>social, aix\u00ed com configurar el seu perfil per a garantir la seva privacitat. <br>Durant quant temps guardarem les seves dades personals? <br>Criteris de conservaci\u00f3 de les dades: es conservaran mentre la PERSONA USU\u00c0RIA no revoqui el consentiment <br>prestat tal com s\u2019indica en aquesta pol\u00edtica de privacitat.<br>\n          <br>\n          <span style=\"font-weight: 700;\">A qui facilitem les seves dades personals?<\/span>\n          <br>\n          <br>Comunicaci\u00f3 de les dades: la informaci\u00f3 facilitada per la PERSONA USU\u00c0RIA a trav\u00e9s de les xarxes socials del <br>RESPONSABLE, inclosos les seves dades personals, pot ser publicada, sempre en funci\u00f3 dels serveis que la <br>PERSONA USU\u00c0RIA utilitzi. Per la qual cosa, podr\u00e0 quedar a disposici\u00f3 p\u00fablica d\u2019uns altres tercers usuaris de les <br>xarxes socials. Des del perfil de cada xarxa social, la PERSONA USU\u00c0RIA pot configurar quina informaci\u00f3 vol fer <br>p\u00fablica en cada cas, veure els permisos que s\u2019han concedit, eliminar-los o desactivar-los, com qualsevol aplicaci\u00f3 <br>d\u2019un tercer que ja no es desitja utilitzar. <br>No obstant aix\u00f2, no est\u00e0 prevista cap comunicaci\u00f3 de dades personals a tercers fora de la xarxa social, excepte, <br>si fos imprescindible per al desenvolupament i execuci\u00f3 de les finalitats del tractament, als nostres prove\u00efdors de<br>serveis relacionats amb comunicacions, amb els quals el RESPONSABLE t\u00e9 subscrits els contractes de <br>confidencialitat i d\u2019encarregat de tractament exigits per la normativa vigent de privacitat.<br>\n          <br>\n          <span style=\"font-weight: 700;\">Quins s\u00f3n els seus drets?<\/span>\n          <br>\n          <br>Drets que assisteixen a la PERSONA USU\u00c0RIA: nom\u00e9s podran satisfer-se en relaci\u00f3 a aquella informaci\u00f3 que es <br>trobi sota el control del RESPONSABLE. <br>Dret a retirar el consentiment en qualsevol moment. <br>Dret d\u2019acc\u00e9s, rectificaci\u00f3, portabilitat i supressi\u00f3 de les seves dades, i de limitaci\u00f3 o oposici\u00f3 al seu <br>tractament.<br>\n          <br>Dret a presentar una reclamaci\u00f3 davant l\u2019autoritat de control (www.aepd.es) si considera que el <br>tractament no s\u2019ajusta a la normativa vigent. <br>Dades de contacte per a exercir els seus drets: <br>LUBRIDAL OIL, S.L. - Carretera N-II, km 711, - 17458 Fornells de la Selva (Girona). E-mail: <br>protecciodades@adbosch.com <br>La pol\u00edtica de privacitat completa es troba disponible en www.lubridal.com\/<br>\n          <br>\n          <span style=\"font-weight: 700;\">2. UTILITZACI\u00d3 DEL PERFIL<\/span>\n          <br>\n          <br>El RESPONSABLE realitzar\u00e0 les seg\u00fcents actuacions: <br>Acc\u00e9s a la informaci\u00f3 p\u00fablica del perfil. <br>Publicaci\u00f3 en el perfil de la PERSONA USU\u00c0RIA de tota aquella informaci\u00f3 ja publicada en la xarxa social <br>del RESPONSABLE. <br>Enviar missatges personals i individuals a trav\u00e9s dels canals de la xarxa social. <br>Actualitzacions de l\u2019estat de la p\u00e0gina que es publicaran en el perfil de la PERSONA USU\u00c0RIA. <br>La PERSONA USU\u00c0RIA sempre pot controlar les seves connexions, eliminar els continguts que deixin <br>d\u2019interessar-li i restringir amb qui comparteix les seves connexions; per a aix\u00f2 haur\u00e0 d\u2019accedir a la seva <br>configuraci\u00f3 on trobar\u00e0 diferents possibilitats de configuraci\u00f3 en relaci\u00f3 al grau de privacitat del perfil d\u2019usuari <br>en la xarxa social.<br>\n          <br>\n          <span style=\"font-weight: 700;\">3. PUBLICACIONS <\/span>\n          <br>L\u2019objecte de les xarxes socials, \u00e9s donar visibilitat i difusi\u00f3 a les activitats que desenvolupa el RESPONSABLE. <br>Aquestes eines emmagatzemen dades personals en els servidors dels serveis respectius i es regeixen per la seva <br>pr\u00f2pia pol\u00edtica de privacitat.<br>\n          <br>La PERSONA USU\u00c0RIA, una vegada sigui seguidora o s\u2019hagi unit a la xarxa social del RESPONSABLE, podr\u00e0<br>publicar en aquesta, comentaris, enlla\u00e7os, imatges, fotografies o qualsevol altre tipus de contingut multim\u00e8dia <br>suportat per aquesta. La PERSONA USU\u00c0RIA en tots els casos, ha de ser la titular del contingut publicat, gaudir <br>dels drets d\u2019autor i de propietat intel\u00b7lectual o comptar amb el consentiment dels tercers afectats. <br>Es prohibeix expressament qualsevol publicaci\u00f3 en la xarxa social, ja siguin textos, gr\u00e0fics, fotografies, v\u00eddeos, <br>etc. que atemptin o siguin susceptibles d\u2019atemptar contra la moral, l\u2019\u00e8tica, el bon gust o el dec\u00f2rum, i\/o que <br>infringeixin, violin o infringeixin els drets de propietat intel\u00b7lectual o industrial, el dret a la imatge o la Llei. No es <br>toleraran comentaris o contingut ofensiu, difamatori, il\u00b7legal o inapropiat en els perfils de l\u2019empresa. L\u2019Empresa <br>es reserva el dret d\u2019eliminar aquests comentaris o contingut i bloquejar als usuaris responsables.<br>\n          <br>En aquests casos, el RESPONSABLE es reserva el dret a retirar immediatament el contingut, sense comunicaci\u00f3 <br>pr\u00e8via, podent sol\u00b7licitar el bloqueig permanent de la PERSONA USU\u00c0RIA. <br>El RESPONSABLE no es far\u00e0 responsable dels continguts que lliurement ha publicat la PERSONA USU\u00c0RIA. <br>La PERSONA USU\u00c0RIA ha de tenir present que les seves publicacions seran conegudes per altres usuaris, per la <br>qual cosa ell mateix \u00e9s el principal responsable de la seva privacitat. <br>Les imatges que puguin publicar-se en la xarxa social no seran emmagatzemades en cap fitxer per part del <br>RESPONSABLE, per\u00f2 si que romandran en la xarxa social.<br>\n          <br>\n          <span style=\"font-weight: 700;\">4. DADES DE MENORS D\u2019EDAT O PERSONES AMB CAPACITATS ESPECIALS <\/span>\n          <br>Es recomana la revisi\u00f3 i la lectura de les condicions d\u2019\u00fas i pol\u00edtica de privacitat de cada xarxa social en el moment <br>de registre, tenint en compte els diferents requisits d\u2019edat per a la realitzaci\u00f3 d\u2019aquest. <br>Aix\u00ed mateix, el RESPONSABLE quedar\u00e0 expressament exonerat de qualsevol responsabilitat que pogu\u00e9s derivarse <br>de l\u2019\u00fas de les xarxes socials per part de menors o persones amb capacitats especials i l\u2019acc\u00e9s de les quals <br>hauria de realitzar-se sota la supervisi\u00f3 i control dels seus representants legals. <br>El RESPONSABLE es reserva el dret de modificar aquesta pol\u00edtica en qualsevol moment. Els canvis seran <br>comunicats a trav\u00e9s dels nostres perfils de xarxes socials i\/o el nostre lloc web.\n        <\/p>\n      <\/div>\n    <\/section>\n    \n    \n    \n  \n","protected":false},"excerpt":{"rendered":"<p>Pol\u00edtica de xarxes socials&nbsp; 1. INFORMACI\u00d3 A LA PERSONA USU\u00c0RIA Qui \u00e9s el responsable del tractament de les seves dades personals? LUBRIDAL OIL, S.L. ser\u00e0 el responsable del tractament de les dades personals d\u2019aquelles PERSONES que han procedit a crear un perfil en qualsevol de les seves xarxes socials. Les mateixes seran tractades de conformitat &hellip; <a href=\"https:\/\/lubridal.com\/index.php\/politica-xarxes-socials\/\" class=\"more-link\">Continue reading<span class=\"screen-reader-text\"> \u00abPol\u00edtica Xarxes Socials\u00bb<\/span><\/a><\/p>\n","protected":false},"author":1,"featured_media":0,"parent":0,"menu_order":0,"comment_status":"closed","ping_status":"closed","template":"","meta":{"footnotes":""},"class_list":["post-142","page","type-page","status-publish","hentry"],"_links":{"self":[{"href":"https:\/\/lubridal.com\/index.php\/wp-json\/wp\/v2\/pages\/142","targetHints":{"allow":["GET"]}}],"collection":[{"href":"https:\/\/lubridal.com\/index.php\/wp-json\/wp\/v2\/pages"}],"about":[{"href":"https:\/\/lubridal.com\/index.php\/wp-json\/wp\/v2\/types\/page"}],"author":[{"embeddable":true,"href":"https:\/\/lubridal.com\/index.php\/wp-json\/wp\/v2\/users\/1"}],"replies":[{"embeddable":true,"href":"https:\/\/lubridal.com\/index.php\/wp-json\/wp\/v2\/comments?post=142"}],"version-history":[{"count":4,"href":"https:\/\/lubridal.com\/index.php\/wp-json\/wp\/v2\/pages\/142\/revisions"}],"predecessor-version":[{"id":452,"href":"https:\/\/lubridal.com\/index.php\/wp-json\/wp\/v2\/pages\/142\/revisions\/452"}],"wp:attachment":[{"href":"https:\/\/lubridal.com\/index.php\/wp-json\/wp\/v2\/media?parent=142"}],"curies":[{"name":"wp","href":"https:\/\/api.w.org\/{rel}","templated":true}]}}

Política Xarxes Socials

<section class="u-clearfix u-section-2" id="sec-6b98">
      <div class="u-clearfix u-sheet u-sheet-1">
        <p class="u-text u-text-default u-text-1">
          <span style="font-weight: 700;">Política de xarxes socials&nbsp;</span>
          <br>
          <span style="font-weight: 700;">
            <br>
            <span style="font-weight: 700;"></span>1. INFORMACIÓ A LA PERSONA USUÀRIA 
          </span>
          <br>Qui és el responsable del tractament de les seves dades personals? <br>LUBRIDAL OIL, S.L. serà el responsable del tractament de les dades personals d’aquelles PERSONES que han <br>procedit a crear un perfil en qualsevol de les seves xarxes socials. Les mateixes seran tractades de conformitat <br>amb el que es disposa en el Reglament (UE) 2016/679, de 27 d’abril (GDPR), la Llei orgànica 3/2018, de 5 de <br>desembre (LOPDGDD), i la Llei de Serveis de la Societat de la Informació i Comerç Electrònic (LSSI), facilitant la <br>següent informació del tractament:<br>
          <br>
          <span style="font-weight: 700;">Per a què tractem les seves dades personals?</span>
          <br>
          <br>Finalitat del tractament: per a mantenir una relació entre la PERSONA USUÀRIA i LUBRIDAL OIL, S.L. (d’ara <br>endavant el RESPONSABLE) que pot incloure les següents operacions: <br>- Tramitar sol·licituds i consultes plantejades al responsable <br>- Informar sobre activitats i esdeveniments organitzats pel responsable <br>- Informar sobre productes o serveis oferts pel responsable <br>- Interactuar a través dels perfils oficials<br>
          <br>Quan el RESPONSABLE recopili i tracti dades personals a través de les seves xarxes socials, les PERSONES <br>USUÀRIES seran informades sobre la finalitat de la recopilació de dades, així com sobre els seus drets en relació <br>a les seves dades personals. Les dades personals s’utilitzaran únicament per als fins indicats i es mantindran de <br>manera segura.<br>
          <br>Base Jurídica del Tractament: el consentiment explícit atorgat per la PERSONA USUÀRIA per al tractament de les <br>seves dades personals per a un o diversos fins específics (article 6.1.a GDPR). <br>D’altra banda, la PERSONA USUÀRIA pot accedir en tot moment a les polítiques de privacitat de la pròpia xarxa <br>social, així com configurar el seu perfil per a garantir la seva privacitat. <br>Durant quant temps guardarem les seves dades personals? <br>Criteris de conservació de les dades: es conservaran mentre la PERSONA USUÀRIA no revoqui el consentiment <br>prestat tal com s’indica en aquesta política de privacitat.<br>
          <br>
          <span style="font-weight: 700;">A qui facilitem les seves dades personals?</span>
          <br>
          <br>Comunicació de les dades: la informació facilitada per la PERSONA USUÀRIA a través de les xarxes socials del <br>RESPONSABLE, inclosos les seves dades personals, pot ser publicada, sempre en funció dels serveis que la <br>PERSONA USUÀRIA utilitzi. Per la qual cosa, podrà quedar a disposició pública d’uns altres tercers usuaris de les <br>xarxes socials. Des del perfil de cada xarxa social, la PERSONA USUÀRIA pot configurar quina informació vol fer <br>pública en cada cas, veure els permisos que s’han concedit, eliminar-los o desactivar-los, com qualsevol aplicació <br>d’un tercer que ja no es desitja utilitzar. <br>No obstant això, no està prevista cap comunicació de dades personals a tercers fora de la xarxa social, excepte, <br>si fos imprescindible per al desenvolupament i execució de les finalitats del tractament, als nostres proveïdors de<br>serveis relacionats amb comunicacions, amb els quals el RESPONSABLE té subscrits els contractes de <br>confidencialitat i d’encarregat de tractament exigits per la normativa vigent de privacitat.<br>
          <br>
          <span style="font-weight: 700;">Quins són els seus drets?</span>
          <br>
          <br>Drets que assisteixen a la PERSONA USUÀRIA: només podran satisfer-se en relació a aquella informació que es <br>trobi sota el control del RESPONSABLE. <br>Dret a retirar el consentiment en qualsevol moment. <br>Dret d’accés, rectificació, portabilitat i supressió de les seves dades, i de limitació o oposició al seu <br>tractament.<br>
          <br>Dret a presentar una reclamació davant l’autoritat de control (www.aepd.es) si considera que el <br>tractament no s’ajusta a la normativa vigent. <br>Dades de contacte per a exercir els seus drets: <br>LUBRIDAL OIL, S.L. - Carretera N-II, km 711, - 17458 Fornells de la Selva (Girona). E-mail: <br>protecciodades@adbosch.com <br>La política de privacitat completa es troba disponible en www.lubridal.com/<br>
          <br>
          <span style="font-weight: 700;">2. UTILITZACIÓ DEL PERFIL</span>
          <br>
          <br>El RESPONSABLE realitzarà les següents actuacions: <br>Accés a la informació pública del perfil. <br>Publicació en el perfil de la PERSONA USUÀRIA de tota aquella informació ja publicada en la xarxa social <br>del RESPONSABLE. <br>Enviar missatges personals i individuals a través dels canals de la xarxa social. <br>Actualitzacions de l’estat de la pàgina que es publicaran en el perfil de la PERSONA USUÀRIA. <br>La PERSONA USUÀRIA sempre pot controlar les seves connexions, eliminar els continguts que deixin <br>d’interessar-li i restringir amb qui comparteix les seves connexions; per a això haurà d’accedir a la seva <br>configuració on trobarà diferents possibilitats de configuració en relació al grau de privacitat del perfil d’usuari <br>en la xarxa social.<br>
          <br>
          <span style="font-weight: 700;">3. PUBLICACIONS </span>
          <br>L’objecte de les xarxes socials, és donar visibilitat i difusió a les activitats que desenvolupa el RESPONSABLE. <br>Aquestes eines emmagatzemen dades personals en els servidors dels serveis respectius i es regeixen per la seva <br>pròpia política de privacitat.<br>
          <br>La PERSONA USUÀRIA, una vegada sigui seguidora o s’hagi unit a la xarxa social del RESPONSABLE, podrà<br>publicar en aquesta, comentaris, enllaços, imatges, fotografies o qualsevol altre tipus de contingut multimèdia <br>suportat per aquesta. La PERSONA USUÀRIA en tots els casos, ha de ser la titular del contingut publicat, gaudir <br>dels drets d’autor i de propietat intel·lectual o comptar amb el consentiment dels tercers afectats. <br>Es prohibeix expressament qualsevol publicació en la xarxa social, ja siguin textos, gràfics, fotografies, vídeos, <br>etc. que atemptin o siguin susceptibles d’atemptar contra la moral, l’ètica, el bon gust o el decòrum, i/o que <br>infringeixin, violin o infringeixin els drets de propietat intel·lectual o industrial, el dret a la imatge o la Llei. No es <br>toleraran comentaris o contingut ofensiu, difamatori, il·legal o inapropiat en els perfils de l’empresa. L’Empresa <br>es reserva el dret d’eliminar aquests comentaris o contingut i bloquejar als usuaris responsables.<br>
          <br>En aquests casos, el RESPONSABLE es reserva el dret a retirar immediatament el contingut, sense comunicació <br>prèvia, podent sol·licitar el bloqueig permanent de la PERSONA USUÀRIA. <br>El RESPONSABLE no es farà responsable dels continguts que lliurement ha publicat la PERSONA USUÀRIA. <br>La PERSONA USUÀRIA ha de tenir present que les seves publicacions seran conegudes per altres usuaris, per la <br>qual cosa ell mateix és el principal responsable de la seva privacitat. <br>Les imatges que puguin publicar-se en la xarxa social no seran emmagatzemades en cap fitxer per part del <br>RESPONSABLE, però si que romandran en la xarxa social.<br>
          <br>
          <span style="font-weight: 700;">4. DADES DE MENORS D’EDAT O PERSONES AMB CAPACITATS ESPECIALS </span>
          <br>Es recomana la revisió i la lectura de les condicions d’ús i política de privacitat de cada xarxa social en el moment <br>de registre, tenint en compte els diferents requisits d’edat per a la realització d’aquest. <br>Així mateix, el RESPONSABLE quedarà expressament exonerat de qualsevol responsabilitat que pogués derivarse <br>de l’ús de les xarxes socials per part de menors o persones amb capacitats especials i l’accés de les quals <br>hauria de realitzar-se sota la supervisió i control dels seus representants legals. <br>El RESPONSABLE es reserva el dret de modificar aquesta política en qualsevol moment. Els canvis seran <br>comunicats a través dels nostres perfils de xarxes socials i/o el nostre lloc web.
        </p>
      </div>
    </section>

<p>Política de xarxes socials&nbsp; 1. INFORMACIÓ A LA PERSONA USUÀRIA Qui és el responsable del tractament de les seves dades personals? LUBRIDAL OIL, S.L. serà el responsable del tractament de les dades personals d’aquelles PERSONES que han procedit a crear un perfil en qualsevol de les seves xarxes socials. Les mateixes seran tractades de conformitat &hellip; <a href="https://lubridal.com/index.php/politica-xarxes-socials/" class="more-link">Continue reading<span class="screen-reader-text"> «Política Xarxes Socials»</span></a></p>
